late (-4 + (-1 - 3) - -4) + 24 + -9.
11
(24 - 2) + (1 - (-11 + 15 - -4))
15
-3 - (-6 + 4) - (-42 + 49)
-8
What is -3 - (-14 + 1 + -4)?
14
What is -1 - (-6 - (6 - 15))?
-4
-5 + 8 - 7 - 3
-7
Evaluate -1 + -12 + 2 + 16 + -2.
3
-12 + 2 - (7 + -1 + -3 - 4)
-9
What is the value of -28 - -52 - (-16 + 9)?
31
Calculate (6 - (-24 + 18)) + -26.
-14
-12 - (-14 - (-10 - -22))
14
-2 + (9 + 1 - (-31 - -39))
0
Evaluate -3 + 4 + (6 - (11 - 4)) - -8.
8
Evaluate -18 + ((4 - 6) + 6 - -53).
39
(-23 - -52) + 22 + -26
25
Evaluate 4 - (-5 + 27 + -2 - (-27 - -27)).
-16
1 + -3 + -1 - (-3 + 6 - 2)
-4
What is 8 + -5 + (-14 - -12) - 7?
-6
What is the value of 42 + (9 - 19) - 10 - 9?
13
What is the value of -182 + 213 + (-25 - -2)?
8
Calculate (3 + -7 + 21 - 4) + 1 + 9.
23
Evaluate 271 - 258 - (1 - 13).
25
Calculate 17 - (28 - (2 - -4)).
-5
What is 3 + (39 - -17) - 21?
38
Calculate -11 - (7 + -16) - (-2 - 2) - 4.
-2
What is the value of -15 + 26 + -3 + -1 + 18?
25
What is the value of 2 - 21 - (16 - (34 - 16))?
-17
What is -3 + -3 + -1 - (63 + -88)?
18
What is the value of (4 - -21 - 16) + -8 + (6 - -28)?
35
What is the value of -8 - 4 - (7 + (2 - 2))?
-19
-47 - (-9 - 32) - -27
21
Calculate -3 - (-1 + 2 + (9 - (27 - -7))).
21
9 + (-13 - -4) + (-2 - (3 - -1))
-6
What is the value of -7 + (25 - (-1 - (5 - -2)) - -4)?
30
Evaluate -3 - (-3 + -8 + 10) - (7 + -2).
-7
(16 - 24 - -9) + 0 + (4 - 2)
3
(-27 - -68) + -36 - (0 + -3)
8
What is 5 - 12 - 25 - -13?
-19
Calculate (-7 + 6 - -5 - 5) + (2 - -12).
13
21 + (-8 - (-19 + -1))
33
-23 + 1 - (-24 + 13 + 8)
-19
What is the value of -17 + (-1 - (0 - 8)) - 6?
-16
Calculate -683 + 693 + 2 + -29.
-17
Calculate -3 + 13 - (2 + 6).
2
What is the value of 14 + -2 - (-9 + 1 + 3)?
17
Calculate (-5 - -1) + (-96 - -51) + 51.
2
Calculate 27 + 28 + (10 - 33).
32
Evaluate 10 + 35 - (39 - 15).
21
What is (11 - (-11 + 44 - 10)) + 8?
-4
Evaluate 16 + (0 - -1 - (62 - 64)).
19
Calculate (-10 - -40 - 20) + -9.
1
What is (21 + -18 + 0 - (-1 - -18)) + -1?
-15
What is 0 + -32 + -1 + (34 + -28 - -3)?
-24
What is 1 - -5 - (-3 - 0 - 8) - 8?
9
Evaluate 25 - 21 - -3 - -9.
16
What is the value of (0 + -1 + -3 - -1) + -1 + -8?
-12
10 - (12 + 1 - (-41 + 30))
-14
What is -21 - (-13 - (-17 + 23))?
-2
Calculate 10 + -6 + 23 + (5 + -1 - 3).
28
What is the value of (-165 - -173) + (2 - (-1 + -1))?
12
Evaluate 17 + -29 - -23 - -7.
18
Evaluate -6 - (4 + 5 + (-11 - -6)).
-10
3 + 7 + (7 + -7 - 4)
6
Evaluate -19 + 0 - (-264 - -268).
-23
Calculate (15 - 5) + -4 + -1.
5
What is -8 + (-12 - (3 - 7 - 2))?
-14
What is 11 + (2 + -45 + 2 + 10 - 6)?
-26
-19 - -19 - -3 - (-7 + 2)
8
What is the value of -3 + -20 - (2 + (-16 - 4 - -11))?
-16
7 - -17 - (-13 - -22)
15
Calculate (-5 - 15) + 15 - (-21 + (-3 - -3)).
16
What is 4 - (-9 - (-2 - 7 - -3))?
7
What is the value of 5 + (1 - 13 - -21) + -6?
8
What is the value of 21 + -13 - (1 + -1 + 1) - 0?
7
8 - (-12 + 40 - 4)
-16
Evaluate 6 - (-5 - -10) - (4 + 4).
-7
What is the value of -7 + 4 + -6 + (24 - 14)?
1
Calculate (-18 - (31 - 50)) + -19.
-18
Calculate (22 - (-3 + 7)) + -17.
1
Calculate 3 + (9 - (28 + -2)).
-14
(-9 - ((-1 - -1) + -1)) + -272 + 278
-2
Calculate 1 + (1 + (-6 - 6) - 14).
-24
What is 25 + -40 + -9 + 8?
-16
What is -25 + 29 + -25 - -11?
-10
Calculate -20 + 9 - 16 - -24.
-3
What is the value of (83 - (-33 + 110)) + (0 - 9) + 0?
-3
What is 61 - 76 - (-27 - 0)?
12
34 + (8 - 7) - 18
17
What is (15 - (-6 + 59)) + 30?
-8
Evaluate -2 - (2 - 0) - (-3414 + 3389).
21
Calculate (24 - ((-4 - -1) + (-4 - 3))) + -2.
32
What is the value of 4 + 4 + 4 + (-4 - 1) + -31?
-24
Evaluate -5 + 4 + -17 + 3 - (0 + 1).
-16
What is 0 + (-22 - -17) + 0?
-5
Evaluate 6 + -31 + 18 - 4.
-11
What is the value of 159 + -155 + (0 - 2) + (-14 - -1)?
-11
(-42 - -6) + 2 - (-6 - 0)
-28
Evaluate 7 + 3 + (3 - -6) + -9.
10
Evaluate -24 + 23 - (4 + -2).
-3
What is the value of 12 - 12 - (4 + (-4 - -1) + 5)?
-6
2 + (-5 - 1 - (2 + -4 + -12))
10
Calculate (-23 - (1 + -16)) + 18.
10
-1 + -7 + (31 - (18 + 1)) - -3
7
What is the value of (-485 - -508) + (-43 - 2)?
-22
What is 36 + (-2 - -11) - 18?
27
Calculate (23 - 25 - (9 + -5 + 10)) + 0.
-16
What is -20 - (-43 + -4 + 26)?
1
What is the value of -2 + -5 + 5 + (22 - -4) + -9?
15
What is (-3 + (6 - 2) - -4) + (2 - 12)?
-5
What is the value of 6 - (30 - 20 - (1 + 20))?
17
-6 + 0 + -14 + 10 + 12
2
What is 4 - 1 - (18 + -10 - (-6 - -18))?
7
(8 - -2) + (-6 - (28 - 31)) - 15
-8
(11 - ((7 - -1) + -10 + 6)) + -22
-15
What is the value of 61 + -63 + (9 - 0)?
7
0 - 2 - ((-17 - -6) + 9) - -3
3
Evaluate 6 + 6 + 5 + -30.
-13
Evaluate -9 - (5 + (-11 - -5) + -2).
-6
Evaluate (-47 - (-76 + 40)) + 36.
25
Evaluate -8 + (-3 - (-6 - 9)) - -8.
12
What is the value of -51 + -8 + 49 + -14?
-24
What is the value of -3 - (4 + -9 - 6) - -4?
12
Evaluate (-10 - 0) + 50 + -47 - (-9 + 3).
-1
Evaluate 33 - (-4 + -23 + 78).
-18
-2 + (1 - 10) + 8 + (-6 - -1)
-8
What is the value of 13 - (-56 + 35) - 14?
20
-4 - (1 - 1 - -1) - (-3363 - -3344)
14
(219 - 198) + -9 + -44
-32
Calculate (-18 - -4) + 10 - 0 - -32.
28
What is -12 + (-17 - -25) + 5?
1
Evaluate -22 - (-2 + -38 - -21).
-3
What is the value of 112 + -99 + 1 + (6 - 2)?
18
(3 - -23 - 26) + -8 - (0 + -2)
-6
Evaluate 11 - (-2 + -7 + 13).
7
Evaluate -7 - (-32 - -10) - 6.
9
Calculate (-13 - (-6 + -3)) + 13 + 2.
11
Calculate 10 - (15 - 4) - 0.
-1
Calculate -16 - (17 + -5 + -6 + -9).
-13
1 - (11 + -12 + 2) - -3
3
Evaluate -3 + 12 + -3 + 4 - (-5 - -6).
9
Calculate -4 + 13 - (18 - 10 - 12).
13
What is (6 + (-6 - -13) - 7) + -5 + 4?
5
What is -1 - -9 - (7 + -27 + 35)?
-7
Evaluate -10 - ((9 - 11) + 6).
-14
Calculate 3 + (32 - (20 - (-3 - -9))).
21
What is the value of -7 + (-5 - -13) + 25 + -15?
11
Evaluate 8 - (5 + (0 - -3) + (1 - 13)).
12
What is -1 - (2 - -15) - -30?
12
Evaluate (-20 - -47) + -32 + (-2 - -6 - 1).
-2
What is -3408 - -3393 - ((-2 - -1) + (0 - 0))?
-14
What is the value of 13 + 7 + (-1 - 13)?
6
Evaluate -3 + 0 + 1 + (8 - (23 + -1)).
-16
What is the value of -13 + (23 - (19 - -5))?
-14
What is -8 - (8 + -8 + 7 + -7)?
-8
Evaluate -18 + 15 + -1 + 4.
0
9 - (21 + (4 - 1) + (-45 - -41))
-11
6 - (0 - 4 - (-2 - (2 + -3)))
9
Evaluate 2 + 39 + (-1 - 26).
14
What is 239 - 237 - (14 + -2)?
-10
-7 + -4 + -15 + 55
29
What is -24 - (-16 - (-26 + 28))?
-6
Evaluate 11 - (-26 + 38) - (5 + 4).
-10
Evaluate 24 + -4 + -12 + -16 + 0.
-8
What is the value of (-7 - (2 - 15)) + -11?
-5
What is the value of -4 - (0 + -4) - 0?
0
What is the value of 2 + -7 - (-2 - (13 + -9 + -3))?
-2
Calculate -3 - (-22 - (1 + -26)).
-6
What is the value of -1 - (2 + 4 - -2)?
-9
What is the value of -4 - -4 - 9 - (-22 - -17)?
-4
What is the value of (24 - 37) + 28 + -19 + (-1 - 35)?
-40
4 + (-71 - -79 - (15 + 0))
-3
What is the value of -2 + 0 + (-11 - (1 - 12))?
-2
What is 15 + (16 - (3 - -20)) + (0 - 9)?
-1
What is the value of (3 - 2) + (-31 + 31 - (7 + 1))?
-7
What is the value of (-13 - (-27 - 13)) + -16?
11
Evaluate 3 + 1 + -96 + 82.
-10
Calculate 2 - (4 + (5 - 18) + -1).
12
What is -2 - 7 - (6 + 5 + -2 + -10)?
-8
-19 - (-25 + 16) - (-4 - -1)
-7
Evaluate 2 + 3 - ((15 - (-2 + -5)) + 8).
-25
18 - (2 - (21 - 45))
-8
1 - 14 - (-21 - -49 - 21)
-20
What is the value of (7 - -1) + 1 + (-8 - -3) + 8?
12
0 + 11 - ((3 - 13) + 4 - 15)
32
What is (-2 - 0) + 90 + -44 + -57?
-13
Calculate 8 + -11 + 6 + (9 - 2).
10
Evaluate 14 + (-9 + 0 - -6 - -5) + 2.
18
3 + 9 + 1 - (78 + -77)
12
Evaluate -8 + 8 + (-22 - (21 + -17)).
-26
What is 2 - (9 + -12) - (-10 - -4 - -13)?
-2
Calculate 51 + -78 + (-4 - -11).
-20
What is -5 - 3 - (-5 - 4)?
1
What is the value of -4 + (23 - 20) - -20?
19
Evaluate 0 - 0 - (-2 - -2) - (211 + -200).
-11
-1 + 20 - (-3 + 9 + 24 + -29)
18
Calculate 6 + -15 - (-4 - (0 + 3)).
-2
Calculate 0 + -2 + 4 + -1.
1
What is (10 + 1 - -2) + -8 - (-1 - 6)?
12
Evaluate -4 + (4 - (16 - 6)) - 9.
-19
Calculate (32 - 5 - 10) + -11 + (-8 - -9).
7
What is (6 + -16 - -10) + -21 + 17?
-4
Calculate 10 + -1 + 0 - (322 - 315).
2
What is the value of 21 + 1 + -23 - (2 - -12)?
-15
-10 + 27 - (-1 + 8 - (-3 - -6))
13
Evaluate -4 - -4 - (26 + -7 + -10).
-9
Evaluate 31 + 0 + -3 - (-45 - -49) - -7.
31
What is -8 - (-1 + -11 - -12)?
-8
Evaluate -1 - (-11 - -7 - (4 + 7 + -9)).
5
What is -48 + 34 + -68 + 60?
-22
-34 - (21 - (9 + 21))
-25
Evaluate 30 + 4 + 1 + 